{"id":8,"date":"2023-03-18T19:38:15","date_gmt":"2023-03-18T18:38:15","guid":{"rendered":"http:\/\/brennesselkerwe.de\/wp\/?page_id=8"},"modified":"2023-04-02T18:04:37","modified_gmt":"2023-04-02T16:04:37","slug":"startseite","status":"publish","type":"page","link":"https:\/\/brennesselkerwe.de\/","title":{"rendered":"Home"},"content":{"rendered":"\n<p class=\"wp-block-paragraph\"><strong>Herzlich Willkommen&#8230;.<\/strong><\/p>\n\n\n\n<p class=\"wp-block-paragraph\">Wir begr\u00fc\u00dfen Euch herzlich auf der&nbsp; Webseite der Hambacher Brennesselkerwe. Es wurde Zeit das die Hambacher Kerwetradition auch \u00fcber unsere Grenzen hinaus bekannt wird. Tradition ist es wert das sie erhalten bleibt und daf\u00fcr arbeitet diese Webseite.&nbsp; Nat\u00fcrlich wollen wir mit dieser Seite auch etwas Werbung f\u00fcr unser Dorf machen und Menschen anlocken die mit uns dieses Fest feiern wollen. Wir bedanken uns schon im voraus bei den Urhebern der ver\u00f6ffentlichten Texte. Es war uns leider nicht m\u00f6glich jeden Einzelnen um Erlaubnis f\u00fcr die Ver\u00f6ffentlichung zu bitten, aber wir hoffen da\u00df die Ver\u00f6ffentlichung im Sinne der Urheber ist.<\/p>\n\n\n\n<p class=\"wp-block-paragraph\">Die Hambacher Brennesselkerwe wird ausgerichtet vom &#8222;Verein zur Erhaltung des Brauchtums in Hambach&#8220;.<\/p>\n\n\n\n<p class=\"wp-block-paragraph\"><strong>Also viel Spa\u00df!!!<\/strong><\/p>\n\n\n<div  id=\"jtg-19646\" class=\"modula modula-gallery modula-creative-gallery\" data-config=\"{&quot;height&quot;:800,&quot;tabletHeight&quot;:800,&quot;mobileHeight&quot;:800,&quot;desktopHeight&quot;:800,&quot;enableTwitter&quot;:false,&quot;enableWhatsapp&quot;:false,&quot;enableFacebook&quot;:false,&quot;enablePinterest&quot;:false,&quot;enableLinkedin&quot;:false,&quot;enableEmail&quot;:false,&quot;randomFactor&quot;:0.5,&quot;type&quot;:&quot;creative-gallery&quot;,&quot;columns&quot;:12,&quot;gutter&quot;:10,&quot;mobileGutter&quot;:10,&quot;tabletGutter&quot;:10,&quot;desktopGutter&quot;:10,&quot;enableResponsive&quot;:&quot;0&quot;,&quot;tabletColumns&quot;:&quot;2&quot;,&quot;mobileColumns&quot;:&quot;1&quot;,&quot;lazyLoad&quot;:0,&quot;lightboxOpts&quot;:{&quot;animated&quot;:true,&quot;Thumbs&quot;:{&quot;type&quot;:&quot;modern&quot;,&quot;showOnStart&quot;:false},&quot;Toolbar&quot;:{&quot;display&quot;:{&quot;right&quot;:[&quot;close&quot;]},&quot;enabled&quot;:true},&quot;Carousel&quot;:{&quot;Panzoom&quot;:{&quot;touch&quot;:true},&quot;infinite&quot;:false},&quot;keyboard&quot;:{&quot;Escape&quot;:&quot;close&quot;,&quot;Delete&quot;:&quot;close&quot;,&quot;Backspace&quot;:&quot;close&quot;,&quot;PageUp&quot;:false,&quot;PageDown&quot;:false,&quot;ArrowUp&quot;:false,&quot;ArrowDown&quot;:false,&quot;ArrowRight&quot;:false,&quot;ArrowLeft&quot;:false},&quot;touch&quot;:false,&quot;backdropClick&quot;:false,&quot;l10n&quot;:{&quot;CLOSE&quot;:&quot;Schlie\\u00dfen&quot;,&quot;NEXT&quot;:&quot;Weiter&quot;,&quot;PREV&quot;:&quot;Zur\\u00fcck&quot;,&quot;Error&quot;:&quot;Der angeforderte Inhalt kann nicht geladen werden. Bitte versuche es sp\\u00e4ter noch einmal.&quot;,&quot;PLAY_START&quot;:&quot;Slideshow starten&quot;,&quot;PLAY_STOP&quot;:&quot;Slideshow anhalten&quot;,&quot;FULL_SCREEN&quot;:&quot;Vollbild&quot;,&quot;THUMBS&quot;:&quot;Vorschaubilder&quot;,&quot;DOWNLOAD&quot;:&quot;Download&quot;,&quot;SHARE&quot;:&quot;Teilen&quot;,&quot;ZOOM&quot;:&quot;Vergr\\u00f6\\u00dfern&quot;,&quot;EMAIL&quot;:&quot;Hier ist der Link zum Bild: %%image_link%% und hier ist der Link zur Galerie: %%gallery_link%%&quot;,&quot;MODAL&quot;:&quot;Du kannst diesen Modal-Inhalt mit der ESC-Taste schlie\\u00dfen&quot;,&quot;ERROR&quot;:&quot;Es ist ein Fehler aufgetreten. Bitte versuche es sp\\u00e4ter noch einmal&quot;,&quot;IMAGE_ERROR&quot;:&quot;Bild nicht gefunden&quot;,&quot;ELEMENT_NOT_FOUND&quot;:&quot;HTML-Element nicht gefunden&quot;,&quot;AJAX_NOT_FOUND&quot;:&quot;Fehler beim Laden von AJAX: Nicht gefunden&quot;,&quot;AJAX_FORBIDDEN&quot;:&quot;Fehler beim Laden von AJAX: Zugriff verweigert&quot;,&quot;IFRAME_ERROR&quot;:&quot;Fehler beim Laden der Seite&quot;,&quot;TOGGLE_ZOOM&quot;:&quot;Zoomstufe umschalten&quot;,&quot;TOGGLE_THUMBS&quot;:&quot;Miniaturansichten ein-\\\/ausblenden&quot;,&quot;TOGGLE_SLIDESHOW&quot;:&quot;Diashow ein-\\\/ausschalten&quot;,&quot;TOGGLE_FULLSCREEN&quot;:&quot;Vollbildmodus umschalten&quot;},&quot;Images&quot;:{&quot;Panzoom&quot;:{&quot;maxScale&quot;:2}},&quot;mainClass&quot;:&quot;modula-fancybox-container modula-lightbox-jtg-19646&quot;,&quot;Html&quot;:{&quot;videoAutoplay&quot;:0,&quot;videoTpl&quot;:&quot;&lt;video class=\\&quot;fancybox__html5video\\&quot; controls muted playsinline controlsList controlsList=\\&quot;nodownload\\&quot; poster=\\&quot;{{poster}}\\&quot; src=\\&quot;{{src}}\\&quot; type=\\&quot;{{format}}\\&quot; &gt;  Sorry, your browser doesn&#039;t support embedded videos, &lt;a href=\\&quot;{{src}}\\&quot;&gt; download &lt;\\\/a&gt; and watch with your favorite video player! &lt;\\\/video&gt;&quot;}},&quot;inView&quot;:false,&quot;email_subject&quot;:&quot;Check out this awesome image !!&quot;,&quot;email_message&quot;:&quot;Here is the link to the image : %%image_link%% and this is the link to the gallery : %%gallery_link%%&quot;,&quot;lightbox&quot;:&quot;fancybox&quot;}\">\n\n\t\n\t<div  class=\"modula-items\">\n\t\t<div class=\"modula-item effect-pufrobo\" >\n\t<div class=\"modula-item-overlay\"><\/div>\n\n\t<div class=\"modula-item-content\">\n\n\t\t<a data-image-id=\"19659\" role=\"button\" tabindex=\"0\" rel=\"jtg-19646\" data-caption=\"\" aria-label=\"Bilder in Lightbox \u00f6ffnen\" class=\"tile-inner modula-item-link\"><\/a><img loading=\"lazy\" decoding=\"async\" class=\"pic wp-image-19659\"  data-valign=\"middle\" data-halign=\"center\" alt=\"\" data-full=\"https:\/\/brennesselkerwe.de\/wp-content\/uploads\/bild5.jpg\" title=\"bild5\" crop=\"\" width=\"550\" height=\"376\" src=\"https:\/\/i0.wp.com\/brennesselkerwe.de\/wp-content\/uploads\/bild5.jpg?fit=550%2C376&amp;ssl=1\" data-src=\"https:\/\/i0.wp.com\/brennesselkerwe.de\/wp-content\/uploads\/bild5.jpg?fit=550%2C376&amp;ssl=1\" data-caption=\"\" srcset=\"https:\/\/i0.wp.com\/brennesselkerwe.de\/wp-content\/uploads\/bild5.jpg?w=550&amp;ssl=1 550w, https:\/\/i0.wp.com\/brennesselkerwe.de\/wp-content\/uploads\/bild5.jpg?resize=300%2C205&amp;ssl=1 300w\" sizes=\"auto, (max-width: 550px) 100vw, 550px\" \/>\n\t\t<div class=\"figc no-description\">\n\t\t\t<div class=\"figc-inner\">\n\t\t\t\t\t\t\t\t\t\t\t\t\t\t\t<\/div>\n\t\t<\/div>\n\n\t<\/div>\n\n<\/div><div class=\"modula-item effect-pufrobo\" >\n\t<div class=\"modula-item-overlay\"><\/div>\n\n\t<div class=\"modula-item-content\">\n\n\t\t<a data-image-id=\"19648\" role=\"button\" tabindex=\"0\" rel=\"jtg-19646\" data-caption=\"\" aria-label=\"Bilder in Lightbox \u00f6ffnen\" class=\"tile-inner modula-item-link\"><\/a><img loading=\"lazy\" decoding=\"async\" class=\"pic wp-image-19648\"  data-valign=\"middle\" data-halign=\"center\" alt=\"\" data-full=\"https:\/\/brennesselkerwe.de\/wp-content\/uploads\/002bild114.jpg\" title=\"002bild114\" crop=\"\" width=\"1024\" height=\"683\" src=\"https:\/\/i0.wp.com\/brennesselkerwe.de\/wp-content\/uploads\/002bild114.jpg?fit=1024%2C683&amp;ssl=1\" data-src=\"https:\/\/i0.wp.com\/brennesselkerwe.de\/wp-content\/uploads\/002bild114.jpg?fit=1024%2C683&amp;ssl=1\" data-caption=\"\" srcset=\"https:\/\/i0.wp.com\/brennesselkerwe.de\/wp-content\/uploads\/002bild114.jpg?w=1200&amp;ssl=1 1200w, https:\/\/i0.wp.com\/brennesselkerwe.de\/wp-content\/uploads\/002bild114.jpg?resize=300%2C200&amp;ssl=1 300w, https:\/\/i0.wp.com\/brennesselkerwe.de\/wp-content\/uploads\/002bild114.jpg?resize=1024%2C683&amp;ssl=1 1024w, https:\/\/i0.wp.com\/brennesselkerwe.de\/wp-content\/uploads\/002bild114.jpg?resize=768%2C512&amp;ssl=1 768w\" sizes=\"auto, (max-width: 1000px) 100vw, 1000px\" \/>\n\t\t<div class=\"figc no-description\">\n\t\t\t<div class=\"figc-inner\">\n\t\t\t\t\t\t\t\t\t\t\t\t\t\t\t<\/div>\n\t\t<\/div>\n\n\t<\/div>\n\n<\/div><div class=\"modula-item effect-pufrobo\" >\n\t<div class=\"modula-item-overlay\"><\/div>\n\n\t<div class=\"modula-item-content\">\n\n\t\t<a data-image-id=\"19658\" role=\"button\" tabindex=\"0\" rel=\"jtg-19646\" data-caption=\"\" aria-label=\"Bilder in Lightbox \u00f6ffnen\" class=\"tile-inner modula-item-link\"><\/a><img loading=\"lazy\" decoding=\"async\" class=\"pic wp-image-19658\"  data-valign=\"middle\" data-halign=\"center\" alt=\"\" data-full=\"https:\/\/brennesselkerwe.de\/wp-content\/uploads\/000fahne_1.jpg\" title=\"000fahne_1\" crop=\"\" width=\"432\" height=\"576\" src=\"https:\/\/i0.wp.com\/brennesselkerwe.de\/wp-content\/uploads\/000fahne_1.jpg?fit=432%2C576&amp;ssl=1\" data-src=\"https:\/\/i0.wp.com\/brennesselkerwe.de\/wp-content\/uploads\/000fahne_1.jpg?fit=432%2C576&amp;ssl=1\" data-caption=\"\" srcset=\"https:\/\/i0.wp.com\/brennesselkerwe.de\/wp-content\/uploads\/000fahne_1.jpg?w=432&amp;ssl=1 432w, https:\/\/i0.wp.com\/brennesselkerwe.de\/wp-content\/uploads\/000fahne_1.jpg?resize=225%2C300&amp;ssl=1 225w\" sizes=\"auto, (max-width: 432px) 100vw, 432px\" \/>\n\t\t<div class=\"figc no-description\">\n\t\t\t<div class=\"figc-inner\">\n\t\t\t\t\t\t\t\t\t\t\t\t\t\t\t<\/div>\n\t\t<\/div>\n\n\t<\/div>\n\n<\/div><div class=\"modula-item effect-pufrobo\" >\n\t<div class=\"modula-item-overlay\"><\/div>\n\n\t<div class=\"modula-item-content\">\n\n\t\t<a data-image-id=\"19649\" role=\"button\" tabindex=\"0\" rel=\"jtg-19646\" data-caption=\"\" aria-label=\"Bilder in Lightbox \u00f6ffnen\" class=\"tile-inner modula-item-link\"><\/a><img loading=\"lazy\" decoding=\"async\" class=\"pic wp-image-19649\"  data-valign=\"middle\" data-halign=\"center\" alt=\"\" data-full=\"https:\/\/brennesselkerwe.de\/wp-content\/uploads\/001bild01.jpg\" title=\"001bild01\" crop=\"\" width=\"700\" height=\"467\" src=\"https:\/\/i0.wp.com\/brennesselkerwe.de\/wp-content\/uploads\/001bild01.jpg?fit=700%2C467&amp;ssl=1\" data-src=\"https:\/\/i0.wp.com\/brennesselkerwe.de\/wp-content\/uploads\/001bild01.jpg?fit=700%2C467&amp;ssl=1\" data-caption=\"\" srcset=\"https:\/\/i0.wp.com\/brennesselkerwe.de\/wp-content\/uploads\/001bild01.jpg?w=700&amp;ssl=1 700w, https:\/\/i0.wp.com\/brennesselkerwe.de\/wp-content\/uploads\/001bild01.jpg?resize=300%2C200&amp;ssl=1 300w\" sizes=\"auto, (max-width: 700px) 100vw, 700px\" \/>\n\t\t<div class=\"figc no-description\">\n\t\t\t<div class=\"figc-inner\">\n\t\t\t\t\t\t\t\t\t\t\t\t\t\t\t<\/div>\n\t\t<\/div>\n\n\t<\/div>\n\n<\/div><div class=\"modula-item effect-pufrobo\" >\n\t<div class=\"modula-item-overlay\"><\/div>\n\n\t<div class=\"modula-item-content\">\n\n\t\t<a data-image-id=\"19657\" role=\"button\" tabindex=\"0\" rel=\"jtg-19646\" data-caption=\"\" aria-label=\"Bilder in Lightbox \u00f6ffnen\" class=\"tile-inner modula-item-link\"><\/a><img loading=\"lazy\" decoding=\"async\" class=\"pic wp-image-19657\"  data-valign=\"middle\" data-halign=\"center\" alt=\"\" data-full=\"https:\/\/brennesselkerwe.de\/wp-content\/uploads\/051bild_32.jpg\" title=\"051bild_32\" crop=\"\" width=\"499\" height=\"374\" src=\"https:\/\/i0.wp.com\/brennesselkerwe.de\/wp-content\/uploads\/051bild_32.jpg?fit=499%2C374&amp;ssl=1\" data-src=\"https:\/\/i0.wp.com\/brennesselkerwe.de\/wp-content\/uploads\/051bild_32.jpg?fit=499%2C374&amp;ssl=1\" data-caption=\"\" srcset=\"https:\/\/i0.wp.com\/brennesselkerwe.de\/wp-content\/uploads\/051bild_32.jpg?w=499&amp;ssl=1 499w, https:\/\/i0.wp.com\/brennesselkerwe.de\/wp-content\/uploads\/051bild_32.jpg?resize=300%2C225&amp;ssl=1 300w\" sizes=\"auto, (max-width: 499px) 100vw, 499px\" \/>\n\t\t<div class=\"figc no-description\">\n\t\t\t<div class=\"figc-inner\">\n\t\t\t\t\t\t\t\t\t\t\t\t\t\t\t<\/div>\n\t\t<\/div>\n\n\t<\/div>\n\n<\/div><div class=\"modula-item effect-pufrobo\" >\n\t<div class=\"modula-item-overlay\"><\/div>\n\n\t<div class=\"modula-item-content\">\n\n\t\t<a data-image-id=\"19651\" role=\"button\" tabindex=\"0\" rel=\"jtg-19646\" data-caption=\"\" aria-label=\"Bilder in Lightbox \u00f6ffnen\" class=\"tile-inner modula-item-link\"><\/a><img loading=\"lazy\" decoding=\"async\" class=\"pic wp-image-19651\"  data-valign=\"middle\" data-halign=\"center\" alt=\"\" data-full=\"https:\/\/brennesselkerwe.de\/wp-content\/uploads\/014bild01.jpg\" title=\"014bild01\" crop=\"\" width=\"700\" height=\"467\" src=\"https:\/\/i0.wp.com\/brennesselkerwe.de\/wp-content\/uploads\/014bild01.jpg?fit=700%2C467&amp;ssl=1\" data-src=\"https:\/\/i0.wp.com\/brennesselkerwe.de\/wp-content\/uploads\/014bild01.jpg?fit=700%2C467&amp;ssl=1\" data-caption=\"\" srcset=\"https:\/\/i0.wp.com\/brennesselkerwe.de\/wp-content\/uploads\/014bild01.jpg?w=700&amp;ssl=1 700w, https:\/\/i0.wp.com\/brennesselkerwe.de\/wp-content\/uploads\/014bild01.jpg?resize=300%2C200&amp;ssl=1 300w\" sizes=\"auto, (max-width: 700px) 100vw, 700px\" \/>\n\t\t<div class=\"figc no-description\">\n\t\t\t<div class=\"figc-inner\">\n\t\t\t\t\t\t\t\t\t\t\t\t\t\t\t<\/div>\n\t\t<\/div>\n\n\t<\/div>\n\n<\/div><div class=\"modula-item effect-pufrobo\" >\n\t<div class=\"modula-item-overlay\"><\/div>\n\n\t<div class=\"modula-item-content\">\n\n\t\t<a data-image-id=\"19652\" role=\"button\" tabindex=\"0\" rel=\"jtg-19646\" data-caption=\"\" aria-label=\"Bilder in Lightbox \u00f6ffnen\" class=\"tile-inner modula-item-link\"><\/a><img loading=\"lazy\" decoding=\"async\" class=\"pic wp-image-19652\"  data-valign=\"middle\" data-halign=\"center\" alt=\"\" data-full=\"https:\/\/brennesselkerwe.de\/wp-content\/uploads\/002bild25.jpg\" title=\"002bild25\" crop=\"\" width=\"792\" height=\"528\" src=\"https:\/\/i0.wp.com\/brennesselkerwe.de\/wp-content\/uploads\/002bild25.jpg?fit=792%2C528&amp;ssl=1\" data-src=\"https:\/\/i0.wp.com\/brennesselkerwe.de\/wp-content\/uploads\/002bild25.jpg?fit=792%2C528&amp;ssl=1\" data-caption=\"\" srcset=\"https:\/\/i0.wp.com\/brennesselkerwe.de\/wp-content\/uploads\/002bild25.jpg?w=792&amp;ssl=1 792w, https:\/\/i0.wp.com\/brennesselkerwe.de\/wp-content\/uploads\/002bild25.jpg?resize=300%2C200&amp;ssl=1 300w, https:\/\/i0.wp.com\/brennesselkerwe.de\/wp-content\/uploads\/002bild25.jpg?resize=768%2C512&amp;ssl=1 768w\" sizes=\"auto, (max-width: 792px) 100vw, 792px\" \/>\n\t\t<div class=\"figc no-description\">\n\t\t\t<div class=\"figc-inner\">\n\t\t\t\t\t\t\t\t\t\t\t\t\t\t\t<\/div>\n\t\t<\/div>\n\n\t<\/div>\n\n<\/div><div class=\"modula-item effect-pufrobo\" >\n\t<div class=\"modula-item-overlay\"><\/div>\n\n\t<div class=\"modula-item-content\">\n\n\t\t<a data-image-id=\"19653\" role=\"button\" tabindex=\"0\" rel=\"jtg-19646\" data-caption=\"\" aria-label=\"Bilder in Lightbox \u00f6ffnen\" class=\"tile-inner modula-item-link\"><\/a><img loading=\"lazy\" decoding=\"async\" class=\"pic wp-image-19653\"  data-valign=\"middle\" data-halign=\"center\" alt=\"\" data-full=\"https:\/\/brennesselkerwe.de\/wp-content\/uploads\/011bild09.jpg\" title=\"011bild09\" crop=\"\" width=\"792\" height=\"594\" src=\"https:\/\/i0.wp.com\/brennesselkerwe.de\/wp-content\/uploads\/011bild09.jpg?fit=792%2C594&amp;ssl=1\" data-src=\"https:\/\/i0.wp.com\/brennesselkerwe.de\/wp-content\/uploads\/011bild09.jpg?fit=792%2C594&amp;ssl=1\" data-caption=\"\" srcset=\"https:\/\/i0.wp.com\/brennesselkerwe.de\/wp-content\/uploads\/011bild09.jpg?w=792&amp;ssl=1 792w, https:\/\/i0.wp.com\/brennesselkerwe.de\/wp-content\/uploads\/011bild09.jpg?resize=300%2C225&amp;ssl=1 300w, https:\/\/i0.wp.com\/brennesselkerwe.de\/wp-content\/uploads\/011bild09.jpg?resize=768%2C576&amp;ssl=1 768w\" sizes=\"auto, (max-width: 792px) 100vw, 792px\" \/>\n\t\t<div class=\"figc no-description\">\n\t\t\t<div class=\"figc-inner\">\n\t\t\t\t\t\t\t\t\t\t\t\t\t\t\t<\/div>\n\t\t<\/div>\n\n\t<\/div>\n\n<\/div><div class=\"modula-item effect-pufrobo\" >\n\t<div class=\"modula-item-overlay\"><\/div>\n\n\t<div class=\"modula-item-content\">\n\n\t\t<a data-image-id=\"19654\" role=\"button\" tabindex=\"0\" rel=\"jtg-19646\" data-caption=\"\" aria-label=\"Bilder in Lightbox \u00f6ffnen\" class=\"tile-inner modula-item-link\"><\/a><img loading=\"lazy\" decoding=\"async\" class=\"pic wp-image-19654\"  data-valign=\"middle\" data-halign=\"center\" alt=\"\" data-full=\"https:\/\/brennesselkerwe.de\/wp-content\/uploads\/017bild05.jpg\" title=\"017bild05\" crop=\"\" width=\"700\" height=\"467\" src=\"https:\/\/i0.wp.com\/brennesselkerwe.de\/wp-content\/uploads\/017bild05.jpg?fit=700%2C467&amp;ssl=1\" data-src=\"https:\/\/i0.wp.com\/brennesselkerwe.de\/wp-content\/uploads\/017bild05.jpg?fit=700%2C467&amp;ssl=1\" data-caption=\"\" srcset=\"https:\/\/i0.wp.com\/brennesselkerwe.de\/wp-content\/uploads\/017bild05.jpg?w=700&amp;ssl=1 700w, https:\/\/i0.wp.com\/brennesselkerwe.de\/wp-content\/uploads\/017bild05.jpg?resize=300%2C200&amp;ssl=1 300w\" sizes=\"auto, (max-width: 700px) 100vw, 700px\" \/>\n\t\t<div class=\"figc no-description\">\n\t\t\t<div class=\"figc-inner\">\n\t\t\t\t\t\t\t\t\t\t\t\t\t\t\t<\/div>\n\t\t<\/div>\n\n\t<\/div>\n\n<\/div><div class=\"modula-item effect-pufrobo\" >\n\t<div class=\"modula-item-overlay\"><\/div>\n\n\t<div class=\"modula-item-content\">\n\n\t\t<a data-image-id=\"19647\" role=\"button\" tabindex=\"0\" rel=\"jtg-19646\" data-caption=\"\" aria-label=\"Bilder in Lightbox \u00f6ffnen\" class=\"tile-inner modula-item-link\"><\/a><img loading=\"lazy\" decoding=\"async\" class=\"pic wp-image-19647\"  data-valign=\"middle\" data-halign=\"center\" alt=\"\" data-full=\"https:\/\/brennesselkerwe.de\/wp-content\/uploads\/Vorkerwe3.jpg\" title=\"Vorkerwe3\" crop=\"\" width=\"538\" height=\"403\" src=\"https:\/\/i0.wp.com\/brennesselkerwe.de\/wp-content\/uploads\/Vorkerwe3.jpg?fit=538%2C403&amp;ssl=1\" data-src=\"https:\/\/i0.wp.com\/brennesselkerwe.de\/wp-content\/uploads\/Vorkerwe3.jpg?fit=538%2C403&amp;ssl=1\" data-caption=\"\" srcset=\"https:\/\/i0.wp.com\/brennesselkerwe.de\/wp-content\/uploads\/Vorkerwe3.jpg?w=538&amp;ssl=1 538w, https:\/\/i0.wp.com\/brennesselkerwe.de\/wp-content\/uploads\/Vorkerwe3.jpg?resize=300%2C225&amp;ssl=1 300w\" sizes=\"auto, (max-width: 538px) 100vw, 538px\" \/>\n\t\t<div class=\"figc no-description\">\n\t\t\t<div class=\"figc-inner\">\n\t\t\t\t\t\t\t\t\t\t\t\t\t\t\t<\/div>\n\t\t<\/div>\n\n\t<\/div>\n\n<\/div><div class=\"modula-item effect-pufrobo\" >\n\t<div class=\"modula-item-overlay\"><\/div>\n\n\t<div class=\"modula-item-content\">\n\n\t\t<a data-image-id=\"19655\" role=\"button\" tabindex=\"0\" rel=\"jtg-19646\" data-caption=\"\" aria-label=\"Bilder in Lightbox \u00f6ffnen\" class=\"tile-inner modula-item-link\"><\/a><img loading=\"lazy\" decoding=\"async\" class=\"pic wp-image-19655\"  data-valign=\"middle\" data-halign=\"center\" alt=\"\" data-full=\"https:\/\/brennesselkerwe.de\/wp-content\/uploads\/003bild14.jpg\" title=\"003bild14\" crop=\"\" width=\"600\" height=\"400\" src=\"https:\/\/i0.wp.com\/brennesselkerwe.de\/wp-content\/uploads\/003bild14.jpg?fit=600%2C400&amp;ssl=1\" data-src=\"https:\/\/i0.wp.com\/brennesselkerwe.de\/wp-content\/uploads\/003bild14.jpg?fit=600%2C400&amp;ssl=1\" data-caption=\"\" srcset=\"https:\/\/i0.wp.com\/brennesselkerwe.de\/wp-content\/uploads\/003bild14.jpg?w=600&amp;ssl=1 600w, https:\/\/i0.wp.com\/brennesselkerwe.de\/wp-content\/uploads\/003bild14.jpg?resize=300%2C200&amp;ssl=1 300w\" sizes=\"auto, (max-width: 600px) 100vw, 600px\" \/>\n\t\t<div class=\"figc no-description\">\n\t\t\t<div class=\"figc-inner\">\n\t\t\t\t\t\t\t\t\t\t\t\t\t\t\t<\/div>\n\t\t<\/div>\n\n\t<\/div>\n\n<\/div><div class=\"modula-item effect-pufrobo\" >\n\t<div class=\"modula-item-overlay\"><\/div>\n\n\t<div class=\"modula-item-content\">\n\n\t\t<a data-image-id=\"19656\" role=\"button\" tabindex=\"0\" rel=\"jtg-19646\" data-caption=\"\" aria-label=\"Bilder in Lightbox \u00f6ffnen\" class=\"tile-inner modula-item-link\"><\/a><img loading=\"lazy\" decoding=\"async\" class=\"pic wp-image-19656\"  data-valign=\"middle\" data-halign=\"center\" alt=\"\" data-full=\"https:\/\/brennesselkerwe.de\/wp-content\/uploads\/052bild_09.jpg\" title=\"052bild_09\" crop=\"\" width=\"492\" height=\"328\" src=\"https:\/\/i0.wp.com\/brennesselkerwe.de\/wp-content\/uploads\/052bild_09.jpg?fit=492%2C328&amp;ssl=1\" data-src=\"https:\/\/i0.wp.com\/brennesselkerwe.de\/wp-content\/uploads\/052bild_09.jpg?fit=492%2C328&amp;ssl=1\" data-caption=\"\" srcset=\"https:\/\/i0.wp.com\/brennesselkerwe.de\/wp-content\/uploads\/052bild_09.jpg?w=492&amp;ssl=1 492w, https:\/\/i0.wp.com\/brennesselkerwe.de\/wp-content\/uploads\/052bild_09.jpg?resize=300%2C200&amp;ssl=1 300w\" sizes=\"auto, (max-width: 492px) 100vw, 492px\" \/>\n\t\t<div class=\"figc no-description\">\n\t\t\t<div class=\"figc-inner\">\n\t\t\t\t\t\t\t\t\t\t\t\t\t\t\t<\/div>\n\t\t<\/div>\n\n\t<\/div>\n\n<\/div><div class=\"modula-item effect-pufrobo\" >\n\t<div class=\"modula-item-overlay\"><\/div>\n\n\t<div class=\"modula-item-content\">\n\n\t\t<a data-image-id=\"19650\" role=\"button\" tabindex=\"0\" rel=\"jtg-19646\" data-caption=\"\" aria-label=\"Bilder in Lightbox \u00f6ffnen\" class=\"tile-inner modula-item-link\"><\/a><img loading=\"lazy\" decoding=\"async\" class=\"pic wp-image-19650\"  data-valign=\"middle\" data-halign=\"center\" alt=\"\" data-full=\"https:\/\/brennesselkerwe.de\/wp-content\/uploads\/003bild19.jpg\" title=\"003bild19\" crop=\"\" width=\"700\" height=\"467\" src=\"https:\/\/i0.wp.com\/brennesselkerwe.de\/wp-content\/uploads\/003bild19.jpg?fit=700%2C467&amp;ssl=1\" data-src=\"https:\/\/i0.wp.com\/brennesselkerwe.de\/wp-content\/uploads\/003bild19.jpg?fit=700%2C467&amp;ssl=1\" data-caption=\"\" srcset=\"https:\/\/i0.wp.com\/brennesselkerwe.de\/wp-content\/uploads\/003bild19.jpg?w=700&amp;ssl=1 700w, https:\/\/i0.wp.com\/brennesselkerwe.de\/wp-content\/uploads\/003bild19.jpg?resize=300%2C200&amp;ssl=1 300w\" sizes=\"auto, (max-width: 700px) 100vw, 700px\" \/>\n\t\t<div class=\"figc no-description\">\n\t\t\t<div class=\"figc-inner\">\n\t\t\t\t\t\t\t\t\t\t\t\t\t\t\t<\/div>\n\t\t<\/div>\n\n\t<\/div>\n\n<\/div>\t\t\n\t<\/div>\n\n\t\n\t\n\t<script type=\"application\/ld+json\">\n\t{\n\t\t\"@context\": \"http:\/\/schema.org\",\n\t\t\"@type\"   : \"ImageGallery\",\n\t\t\"id\"      : \"https:\/\/brennesselkerwe.de\/\",\n\t\t\"url\"     : \"https:\/\/brennesselkerwe.de\/\"\n\t}\n\n\t<\/script>\n\n\t\n<\/div>\n","protected":false},"excerpt":{"rendered":"<p>Herzlich Willkommen&#8230;. Wir begr\u00fc\u00dfen Euch herzlich auf der&nbsp; Webseite der Hambacher Brennesselkerwe. Es wurde Zeit das die Hambacher Kerwetradition auch \u00fcber unsere Grenzen hinaus bekannt wird. Tradition ist es wert [&hellip;]<\/p>\n","protected":false},"author":1,"featured_media":0,"parent":0,"menu_order":0,"comment_status":"closed","ping_status":"closed","template":"","meta":{"_crdt_document":"","site-sidebar-layout":"default","site-content-layout":"","ast-site-content-layout":"default","site-content-style":"default","site-sidebar-style":"default","ast-global-header-display":"","ast-banner-title-visibility":"","ast-main-header-display":"","ast-hfb-above-header-display":"","ast-hfb-below-header-display":"","ast-hfb-mobile-header-display":"","site-post-title":"","ast-breadcrumbs-content":"","ast-featured-img":"","footer-sml-layout":"","ast-disable-related-posts":"","theme-transparent-header-meta":"","adv-header-id-meta":"","stick-header-meta":"","header-above-stick-meta":"","header-main-stick-meta":"","header-below-stick-meta":"","astra-migrate-meta-layouts":"default","ast-page-background-enabled":"default","ast-page-background-meta":{"desktop":{"background-color":"var(--ast-global-color-4)","background-image":"","background-repeat":"repeat","background-position":"center center","background-size":"auto","background-attachment":"scroll","background-type":"","background-media":"","overlay-type":"","overlay-color":"","overlay-opacity":"","overlay-gradient":""},"tablet":{"background-color":"","background-image":"","background-repeat":"repeat","background-position":"center center","background-size":"auto","background-attachment":"scroll","background-type":"","background-media":"","overlay-type":"","overlay-color":"","overlay-opacity":"","overlay-gradient":""},"mobile":{"background-color":"","background-image":"","background-repeat":"repeat","background-position":"center center","background-size":"auto","background-attachment":"scroll","background-type":"","background-media":"","overlay-type":"","overlay-color":"","overlay-opacity":"","overlay-gradient":""}},"ast-content-background-meta":{"desktop":{"background-color":"var(--ast-global-color-5)","background-image":"","background-repeat":"repeat","background-position":"center center","background-size":"auto","background-attachment":"scroll","background-type":"","background-media":"","overlay-type":"","overlay-color":"","overlay-opacity":"","overlay-gradient":""},"tablet":{"background-color":"var(--ast-global-color-5)","background-image":"","background-repeat":"repeat","background-position":"center center","background-size":"auto","background-attachment":"scroll","background-type":"","background-media":"","overlay-type":"","overlay-color":"","overlay-opacity":"","overlay-gradient":""},"mobile":{"background-color":"var(--ast-global-color-5)","background-image":"","background-repeat":"repeat","background-position":"center center","background-size":"auto","background-attachment":"scroll","background-type":"","background-media":"","overlay-type":"","overlay-color":"","overlay-opacity":"","overlay-gradient":""}},"ngg_post_thumbnail":0,"footnotes":""},"class_list":["post-8","page","type-page","status-publish","hentry"],"jetpack_sharing_enabled":true,"_links":{"self":[{"href":"https:\/\/brennesselkerwe.de\/index.php?rest_route=\/wp\/v2\/pages\/8","targetHints":{"allow":["GET"]}}],"collection":[{"href":"https:\/\/brennesselkerwe.de\/index.php?rest_route=\/wp\/v2\/pages"}],"about":[{"href":"https:\/\/brennesselkerwe.de\/index.php?rest_route=\/wp\/v2\/types\/page"}],"author":[{"embeddable":true,"href":"https:\/\/brennesselkerwe.de\/index.php?rest_route=\/wp\/v2\/users\/1"}],"replies":[{"embeddable":true,"href":"https:\/\/brennesselkerwe.de\/index.php?rest_route=%2Fwp%2Fv2%2Fcomments&post=8"}],"version-history":[{"count":4,"href":"https:\/\/brennesselkerwe.de\/index.php?rest_route=\/wp\/v2\/pages\/8\/revisions"}],"predecessor-version":[{"id":19933,"href":"https:\/\/brennesselkerwe.de\/index.php?rest_route=\/wp\/v2\/pages\/8\/revisions\/19933"}],"wp:attachment":[{"href":"https:\/\/brennesselkerwe.de\/index.php?rest_route=%2Fwp%2Fv2%2Fmedia&parent=8"}],"curies":[{"name":"wp","href":"https:\/\/api.w.org\/{rel}","templated":true}]}}